e the highest common factor of p and 9.
9
Let n(a) = -a**2 - 7*a + 7. Let i be 74/(-9) + 3 + (-4)/(-18). Let r be n(i). What is the greatest common factor of r and 51?
17
Let d = -68 + 10. Let f = d - -61. What is the highest common divisor of 39 and f?
3
Suppose 0 = -36*u - 2 + 1046. What is the greatest common factor of 232 and u?
29
Suppose 4425 - 2385 = 17*r. Suppose 3*i - 266 = -26. What is the greatest common divisor of r and i?
40
Let x = -188 - -668. What is the greatest common divisor of x and 800?
160
Let x be (-4)/(-14) - 208/(-56). Suppose -3*y - 60 = -3*w, 2*w - 2*y = -x*y + 32. Let r be (-158)/(-18) + 2/9. What is the greatest common factor of w and r?
9
Suppose 4*p = -5*x + 71, 3*x - 42 = -5*p - 2. What is the greatest common divisor of 105 and x?
15
Suppose 327 = 4*c + 3*z, -5*c + 408 = 4*z - 0*z. What is the greatest common divisor of c and 63?
21
Suppose 0 = 3*g + b - 924, -80*g - 5*b = -75*g - 1540. What is the highest common factor of g and 176?
44
Let i = 1 - 3. Let u(f) = -4*f + 5*f - f**3 + 8673 + f**2 - 8672. Let s be u(i). Calculate the highest common divisor of 44 and s.
11
Let p(v) = 41*v**2 + 2*v + 4. Let w be p(-2). Calculate the greatest common divisor of 123 and w.
41
Let x be 14954/26 - (15 + (-2702)/182). Calculate the greatest common factor of 69 and x.
23
Suppose -6*q = -4*q - 100. What is the greatest common divisor of q and 25?
25
Let c be (-75)/(-4) + 15/(-20). Let a(g) = 20*g + 18. Let t be a(9). What is the greatest common factor of c and t?
18
Let t be (21/(-14))/(3/(-8)). Let g be (-6)/(-8) + 6/(-8). Let n be 54 + t + g + 2. Calculate the highest common divisor of 12 and n.
12
Suppose 0 = -q - 3*q + 4*x + 112, 1 = -x. Calculate the greatest common factor of 189 and q.
27
Suppose -4*u - 59 = 3*w, -4*w - 20 = -2*u + 44. Let t(p) = -p**2 - 17*p + 16. Let j be t(w). Calculate the highest common factor of 40 and j.
8
Suppose -4*y + t = -188, 0 = -18*y + 23*y + 2*t - 248. Suppose -204 = -3*g - 3*b, -2*g - 3*b + 189 = 57. Calculate the greatest common factor of y and g.
24
Let j(b) = -2*b + 58. Let y be j(27). Let t be ((-16)/(-3))/(1/132). Suppose -y*s = -0*s - t. Calculate the highest common divisor of s and 22.
22
Let s(k) = 47*k + 325. Let v be s(-5). Let m be ((-12)/(-10))/(2/10). What is the highest common factor of v and m?
6
Let q be 3/(-6) - (-387)/18. Calculate the highest common factor of q and 672.
21
Suppose -36*a + 906 = -4890. Calculate the highest common factor of 14 and a.
7
Let o = -232 - -312. Calculate the highest common divisor of 16 and o.
16
Suppose -5*p = -5*t + 10, -3*p - t + 6*t - 16 = 0. Suppose -p = -10*l + 57. What is the highest common factor of l and 9?
3
Let j be 50*(1 + (0 - 0)). Let n = 1336 + -1306. Calculate the highest common factor of n and j.
10
Suppose -2*f = -150 + 140. Calculate the highest common divisor of 25 and f.
5
Let z(t) = -t**3 - t**2 - t + 15. Let v be z(0). Let x = 1178 + -1103. What is the highest common divisor of x and v?
15
Suppose -2*k = -4, -13 - 49 = -5*l - k. Calculate the highest common factor of l and 372.
12
Suppose 28*w = 31*w - 1443. Calculate the greatest common factor of w and 13.
13
Suppose s - 1133 = 4*w - 70, 0 = -2*w + 4. Calculate the highest common divisor of s and 9.
9
Let p(w) = -25*w - 5. Let f = -30 - -30. Suppose -4 + 32 = -4*b + 5*z, f = -3*b - 2*z + 2. Let h be p(b). Calculate the highest common divisor of 18 and h.
9
Suppose -13*o + 6327 = 217. Calculate the highest common divisor of 10 and o.
10
Let l(z) = -3*z**3 + 62*z**2 + 23*z - 22. Let p be l(21). Suppose -4*j + 8 = 2*h, 4*j - 2*h = 2*h + 32. What is the greatest common divisor of p and j?
4
Let s be 3 + 1 - 12*763/(-14). Calculate the highest common divisor of 94 and s.
94
Let k(j) = -34 + 20 + 17 + j. Let t be k(6). Let x be (-291)/(-33) + (-2)/(-11). What is the greatest common divisor of x and t?
9
Let s be (11/33)/(1/9). Suppose -s*t = 51 - 183. Suppose 5*q - 31 = t. Calculate the highest common factor of q and 30.
15
Let m(y) = 5*y**2 + 3*y. Let r be m(-2). What is the highest common factor of 238 and r?
14
Let z(d) = -d**2 + 10*d - 5. Let v be z(10). Let g(p) = -p - 4. Let k be g(v). Let o(i) = 10*i. Let w be o(k). What is the highest common factor of 50 and w?
10
Let w = 176 + -163. What is the highest common divisor of w and 91?
13
Suppose -4*g = 2*g - 12. Suppose -g*h = 3*h - 110. Let i be 2/6 - 64/(-6). Calculate the greatest common factor of i and h.
11
Suppose 8*x = -41 + 49. Calculate the greatest common factor of 11 and x.
1
Let a(n) = 2*n**2 + 2*n - 13. Let g be (-12)/(-16) - (-25)/4. Let v be a(g). Calculate the greatest common factor of 33 and v.
33
Let s = 13 + -11. Let p = s - -2. Suppose 2*j + 0*n - 236 = -n, 0 = 3*j - p*n - 376. Calculate the greatest common divisor of j and 20.
20
Suppose n + 7 = -5*f, -f - 3 = -1. Let o be 44 - (4 - n)*3. Let y = o - 8. Calculate the greatest common divisor of 3 and y.
3
Let m(w) = w**3 - 4*w**2 + 4. Suppose 3 = -o + 7. Let h be m(o). Let k be h/18 + (-248)/(-18). Calculate the highest common factor of k and 42.
14
Suppose 281*l - 277*l = 1144. What is the highest common divisor of l and 104?
26
Suppose 9*h = -8 - 19. Let k be (-9)/((-135)/3036) + h/(-5). Calculate the highest common divisor of k and 29.
29
Let g(t) = 5*t**3 + t**2 - 2*t + 3. Let x be g(0). Calculate the highest common divisor of x and 12.
3
Let f(r) = -r**2 + 19*r - 15. Let c be f(18). Suppose 128 + 29 = c*k - t, -t = k - 51. Calculate the highest common factor of k and 13.
13
Let l be (-6517)/(-285) - (-2)/15. Suppose -10 = -24*a + l*a. What is the greatest common factor of 40 and a?
10
Let n(z) = 14*z + 17*z - 32*z + 3. Let t be n(-7). Suppose 2*d = -0*d + 140. What is the greatest common divisor of t and d?
10
Let n(g) = -2*g - 1. Let a be n(-8). Let f(i) = 9*i**3 + 3*i**2 - 3*i - 3. Let d be f(2). Calculate the highest common factor of d and a.
15
Let n be 253/2 - 1/2. Let y be ((-84)/(-27))/((-3)/(-21 + -6)). What is the highest common divisor of y and n?
14
Suppose -17*x + 15*x = -6. Let g be 1 - ((-465)/x + 4). What is the greatest common factor of g and 19?
19
Suppose -q = 2*b - 7 - 13, 0 = 2*b + 10. Let d be (-125)/10*18/(-5). Calculate the highest common divisor of q and d.
15
Let v = 1171 - 876. Calculate the highest common factor of 177 and v.
59
Let d(p) = -p**3 + 4*p**2 + 5*p - 9. Let k be d(4). Let s = -10 + k. Let h be (-3)/s - (-34 + 9). What is the highest common divisor of 110 and h?
22
Let n be -2*(-15)/(-6) - -148. Suppose 3*l + 2*i = -0*i + 35, -6 = 3*i. Calculate the greatest common divisor of n and l.
13
Let j be 3/1 - (0 - -1). Suppose j*t + 2*t - 16 = 0. Suppose 5*c = 3*q + 58, 0 = -2*c - q - t*q + 17. Calculate the highest common factor of 11 and c.
11
Suppose 2*f = -2*f + 32. Suppose -3*j + 0*n = -n - 43, -2*j + 36 = 3*n. Suppose -9 - j = -2*a. Calculate the highest common divisor of f and a.
4
Suppose 46 = h + 5*c, 0 = 11*h - 6*h - 4*c - 288. What is the greatest common divisor of 4 and h?
4
Let h be 21/(-45)*3*-35. Let a be 21/(-6)*(-4)/2. What is the highest common factor of h and a?
7
Let a be (60/1)/(66/99). What is the greatest common divisor of 75 and a?
15
Let u(q) = 37*q + 370. Let z be u(10). What is the highest common factor of 4 and z?
4
Let b be (-1)/(-2)*(1 - 1). Suppose 4*t - 2*r - 676 = 18, b = r + 5. Let f be ((-240)/28)/15 - (-685)/35. Calculate the highest common factor of t and f.
19
Let o be -3 + 0 + -1 - -15. What is the greatest common divisor of o and 187?
11
Suppose 8*l = -49 + 225. Suppose -l = -3*u + 14. What is the greatest common factor of u and 18?
6
Let y = 3 - 3. Suppose 0 = 3*j + 7 + 5, c + 5*j = -18. Suppose -a - 5 + 0 = y, 2*z - c*a = 102. What is the greatest common divisor of z and 69?
23
Suppose -3*u + 13 = -2. Suppose -y + u*y = 0. Suppose y = -7*k + 777 + 497. What is the highest common divisor of k and 26?
26
Let u be (10/3 - 2)*9. Suppose -6*o + 2*x + 9 = -o, -3*o - 4*x = -21. Suppose 214 = o*r - 74. Calculate the greatest common divisor of u and r.
12
Suppose -12*u + 29*u - 408 = 0. What is the greatest common factor of u and 264?
24
Suppose 1 = -2*k - 5, -18 = -r + 5*k. Suppose 0 = r*h - q - 125, 5*h + 5*q - 93 = 142. Let x = -18 + h. Calculate the highest common divisor o